 the millions digit of 18751906?
8
What is the tens digit of 243485031?
3
What is the millions digit of 1296951562?
6
What is the hundreds digit of 800296412?
4
What is the hundreds digit of 24008149?
1
What is the tens digit of 1036611955?
5
What is the hundred thousands digit of 127201161?
2
What is the millions digit of 151767525?
1
What is the thousands digit of 2667576674?
6
What is the thousands digit of 35090461?
0
What is the tens digit of 64810966?
6
What is the units digit of 158360538?
8
What is the hundred thousands digit of 57843024?
8
What is the ten millions digit of 54659488?
5
What is the hundred thousands digit of 2701415979?
4
What is the hundreds digit of 3005773906?
9
What is the thousands digit of 4172916243?
6
What is the hundred millions digit of 1176902329?
1
What is the ten thousands digit of 1711791286?
9
What is the units digit of 416064572?
2
What is the thousands digit of 1849314491?
4
What is the hundreds digit of 315298828?
8
What is the tens digit of 2806337756?
5
What is the thousands digit of 151903016?
3
What is the tens digit of 368545982?
8
What is the millions digit of 461069667?
1
What is the ten thousands digit of 1159980133?
8
What is the ten millions digit of 86071572?
8
What is the hundreds digit of 1159936576?
5
What is the hundred millions digit of 104895837?
1
What is the thousands digit of 941679835?
9
What is the billions digit of 6438490253?
6
What is the thousands digit of 171035498?
5
What is the ten millions digit of 1848352032?
4
What is the units digit of 463527447?
7
What is the hundred thousands digit of 88262376?
2
What is the units digit of 2014164262?
2
What is the tens digit of 43077634?
3
What is the billions digit of 5309979911?
5
What is the millions digit of 2039719963?
9
What is the tens digit of 25864214?
1
What is the billions digit of 1821067479?
1
What is the ten thousands digit of 50883660?
8
What is the tens digit of 3280864105?
0
What is the hundred thousands digit of 709374687?
3
What is the millions digit of 58499094?
8
What is the tens digit of 38248273?
7
What is the hundreds digit of 248925166?
1
What is the millions digit of 37835802?
7
What is the tens digit of 28061148?
4
What is the hundred thousands digit of 1336829957?
8
What is the ten thousands digit of 720618078?
1
What is the hundred millions digit of 298609283?
2
What is the ten thousands digit of 35160582?
6
What is the ten thousands digit of 163250212?
5
What is the hundreds digit of 12042842?
8
What is the hundred thousands digit of 42593530?
5
What is the tens digit of 388688103?
0
What is the thousands digit of 535051932?
1
What is the ten millions digit of 981330495?
8
What is the tens digit of 2491886630?
3
What is the tens digit of 5493784?
8
What is the millions digit of 3539619369?
9
What is the thousands digit of 7341652?
1
What is the hundreds digit of 3907501551?
5
What is the units digit of 104280005?
5
What is the hundred thousands digit of 386372831?
3
What is the hundred thousands digit of 386324318?
3
What is the billions digit of 5813439727?
5
What is the tens digit of 580875408?
0
What is the hundreds digit of 267268632?
6
What is the tens digit of 1029395542?
4
What is the billions digit of 1665169362?
1
What is the hundred thousands digit of 985701042?
7
What is the tens digit of 751849590?
9
What is the thousands digit of 3402553226?
3
What is the ten millions digit of 954070213?
5
What is the hundreds digit of 88328556?
5
What is the millions digit of 205848038?
5
What is the ten thousands digit of 420240386?
4
What is the hundreds digit of 35085521?
5
What is the thousands digit of 51408047?
8
What is the units digit of 49535856?
6
What is the tens digit of 189052392?
9
What is the millions digit of 4246489?
4
What is the ten thousands digit of 423585824?
8
What is the millions digit of 87249822?
7
What is the ten millions digit of 135479200?
3
What is the hundred thousands digit of 489669148?
6
What is the millions digit of 2064220475?
4
What is the thousands digit of 80215668?
5
What is the hundred thousands digit of 146771988?
7
What is the hundred thousands digit of 3095295426?
2
What is the hundreds digit of 13544039?
0
What is the thousands digit of 5347848940?
8
What is the ten thousands digit of 852304662?
0
What is the ten millions digit of 258381017?
5
What is the millions digit of 197404462?
7
What is the ten millions digit of 316255590?
1
What is the hundred thousands digit of 959395961?
3
What is the tens digit of 754798979?
7
What is the ten thousands digit of 535571967?
7
What is the hundred thousands digit of 31656430?
6
What is the tens digit of 189073111?
1
What is the millions digit of 36739568?
6
What is the units digit of 4626802031?
1
What is the ten thousands digit of 663436995?
3
What is the hundred thousands digit of 488095955?
0
What is the ten millions digit of 84446612?
8
What is the units digit of 1085926692?
2
What is the ten thousands digit of 127904561?
0
What is the units digit of 86524187?
7
What is the thousands digit of 4168086201?
6
What is the tens digit of 22605130?
3
What is the units digit of 60178537?
7
What is the millions digit of 6261217591?
1
What is the units digit of 6021364373?
3
What is the tens digit of 23936846?
4
What is the thousands digit of 205027084?
7
What is the units digit of 28836735?
5
What is the ten millions digit of 1525677008?
2
What is the thousands digit of 80167313?
7
What is the hundred millions digit of 226234268?
2
What is the tens digit of 2216321188?
8
What is the hundred thousands digit of 96671497?
6
What is the ten thousands digit of 3809140800?
4
What is the millions digit of 29179857?
9
What is the millions digit of 2023058?
2
What is the thousands digit of 5234652865?
2
What is the ten millions digit of 1763525797?
6
What is the ten thousands digit of 33770293?
7
What is the hundred thousands digit of 5423078353?
0
What is the hundred thousands digit of 1867431466?
4
What is the millions digit of 92746644?
2
What is the hundred millions digit of 2569347796?
5
What is the ten thousands digit of 55477233?
7
What is the hundred millions digit of 1308520812?
3
What is the tens digit of 83952330?
3
What is the ten thousands digit of 459033226?
3
What is the ten thousands digit of 30292666?
9
What is the ten thousands digit of 475801323?
0
What is the millions digit of 173593222?
3
What is the tens digit of 3020504592?
9
What is the hundreds digit of 70299484?
4
What is the thousands digit of 92012539?
2
What is the units digit of 103224734?
4
What is the hundreds digit of 47201744?
7
What is the hundred millions digit of 1773718898?
7
What is the ten thousands digit of 52707192?
0
What is the thousands digit of 53604551?
4
What is the ten millions digit of 12911522?
1
What is the millions digit of 4374737963?
4
What is the hundreds digit of 117732850?
8
What is the millions digit of 728458778?
8
What is the thousands digit of 916319309?
9
What is the hundred thousands digit of 624159169?
1
What is the tens digit of 295813897?
9
What is the hundred thousands digit of 192407888?
4
What is the ten millions digit of 2403789643?
0
What is the thousands digit of 987518?
7
What is the millions digit of 73539950?
3
What is the tens digit of 56682625?
2
What is the units digit of 208453886?
6
What is the ten millions digit of 161186795?
6
What is the units digit of 21661325?
5
What is the ten thousands digit of 6278934802?
3
What is the units digit of 350546457?
7
What is the units digit of 2473858425?
5
What is the tens digit of 2417583518?
1
What is the billions digit of 3278808009?
3
What is the hundreds digit of 18701362?
3
What is the ten millions digit of 1801993417?
0
What is the ten millions digit of 7014619296?
1
What is the millions digit of 430998309?
0
What is the millions digit of 325656141?
5
What is the hundred thousands digit of 70977454?
9
What is the hundreds digit of 12969355?
3
What is the hundred millions digit of 1169797884?
1
What is the thousands digit of 2072761902?
1
What is the ten millions digit of 438281065?
3
What is the ten thousands digit of 4047678857?
7
What is the ten thousands digit of 1224125123?
2
What is the thousands digit of 193084511?
4
What is the ten thousands digit of